 53. What is the units digit of i?
7
Suppose g + 2 = 2*g. Let z = 20 + g. What is the tens digit of z?
2
Let g(s) = -s**2 - 8*s + 4. Suppose -4*y + 0 - 24 = 0. What is the tens digit of g(y)?
1
Suppose -3*p - y + 20 = -2*y, -p + y = -6. Let i(d) = d**2 - 5*d. What is the tens digit of i(p)?
1
Let s(q) = q + 20. Let x = -26 - -12. What is the units digit of s(x)?
6
Let d = 166 + -77. Let x = d + -42. What is the units digit of x?
7
Let b(w) = -27*w. What is the units digit of b(-7)?
9
Let a(c) = -4*c. Let y(p) = p + 1. Let h(b) = a(b) + 5*y(b). Let q be h(0). Suppose -4*x + 15 = -q. What is the units digit of x?
5
Let v be 1 + -1 + -1 - -4. Let w(q) = q**2 + 5*q - 2. What is the units digit of w(v)?
2
Let s(d) = 3*d**3 - d**2 + 1. Suppose 9 = -5*r + 34. Suppose -k = -r*k + 4. What is the units digit of s(k)?
3
Let x(l) = -l**3 - 3*l**2 + 7*l + 8. What is the units digit of x(-6)?
4
Suppose -3*b + 1 + 8 = 0. Suppose -b*n - 24 = -3*c, -4*c + 72 = -0*n + 4*n. What is the tens digit of c?
1
Let g be 65*(-1 + -1)/(-2). Let p = 3 + 5. Suppose 3*k + g = p*k. What is the units digit of k?
3
Let p be (3*-2)/((-2)/7). Suppose -4*j + 22 + 12 = -2*l, -2*j + p = -5*l. What is the units digit of j?
8
Let i = -49 + -7. Let a = -33 - i. What is the tens digit of a?
2
Let i = 243 + -144. What is the tens digit of i?
9
What is the tens digit of 15/25 + 6085/25?
4
Suppose -5*h - 2*s + 4*s = -91, 0 = -2*h + s + 36. Suppose l + 2 = h. What is the units digit of l?
7
Let q be (-7)/2 + (-2)/4. Let h = q - -35. Suppose -3*t - 10 + h = 0. What is the units digit of t?
7
Let w(j) = -2*j - 18. What is the units digit of w(-13)?
8
Let h(c) = c**3 - 5*c**2 + 6*c - 5. Let j be h(4). Suppose 0 = 4*d - j - 1. What is the units digit of d?
1
Suppose -4*f + 2 = -10. Let c(m) = -m**3 + 2*m**2 + 4*m - 1. Let v be c(f). Suppose 28 = 2*s - 5*o, -s - o + 3 = v*o. What is the units digit of s?
9
Let b = 4 + -3. Let a be (-2 - -1) + (2 - b). Suppose 5*w - 15 = -a*w. What is the units digit of w?
3
Let w(d) = 5*d**2 - d - 2. Let k(a) = -a**2 + a. Let m(j) = -6*k(j) - w(j). What is the units digit of m(6)?
8
Let o(v) = 4*v - 4 - 5*v - 3 + 6. Let m be o(-3). Suppose 0 = -0*c + m*c - 12. What is the units digit of c?
6
Let d be -1 + 1/(3/3). Let h(t) = -t**3 - t**2 + 13. What is the tens digit of h(d)?
1
Suppose 2*c + 2 = 3*c - d, -10 = -5*c - 5*d. Suppose 0 = -o + c*m - 2, -5*m = o + 3*o - 31. Suppose 4*j + v = o*v + 1, 2*v = 10. What is the units digit of j?
4
Let x be 12/(4*2/20). Suppose -2*t + x = -5*t. What is the units digit of (-182)/t - 1/5?
8
Suppose -j - 2*y + 140 = 3*j, -2*j = -2*y - 64. What is the tens digit of j?
3
Suppose 695 = -0*u + 5*u + 5*f, 3*u - 2*f - 437 = 0. What is the units digit of u?
3
Suppose -5*l + 34 = -221. What is the tens digit of l?
5
Suppose 0 = -4*w - 56 + 4. What is the tens digit of -1 - (w + (-5 - -3))?
1
Let r be ((-2)/(-2))/(-1 + 0). Let k = -1 - r. Suppose 0*f - f + 12 = k. What is the tens digit of f?
1
Suppose 6*n = 182 + 10. What is the units digit of n?
2
Let t = -3 + 5. Suppose t*a - 3 = 1. Suppose a*w - 46 = -4*f, -2*w = 5*f - 11 - 44. What is the units digit of f?
9
Let a(n) = -7*n + 27. What is the tens digit of a(-9)?
9
Let x(a) = -a**3 + 10*a**2 + a - 4. Let y(u) = u**3 + 8*u**2 + 7*u + 10. Let k be y(-7). What is the units digit of x(k)?
6
Suppose 24 = 2*p + 2*p - 2*w, -p - w = -3. Suppose 15 = 5*s - p*y, 14 = 5*s + y - 5*y. What is the units digit of -3 + 2 + 8/s?
3
Let o be (37 + -1)*(-2)/2. Let d = -22 - o. What is the tens digit of d?
1
Let x = 15 - 12. Suppose 8 + 2 = a + x*b, -a + 2*b + 10 = 0. What is the tens digit of a?
1
Let h(i) = 6*i + 7. Let r be h(9). Let q = -40 + r. What is the tens digit of q?
2
Suppose -4*d = -4*t + 356, 2*t + 4*d - 97 = 99. What is the tens digit of t?
9
Let w = -7 - -12. Suppose 2*s + 8 = -w*k, 0*k + k + 16 = 2*s. What is the units digit of s?
6
Let x(l) = 5*l**3 - l + 2. What is the units digit of x(2)?
0
Suppose -2*l = -3*l + 40. Suppose -3*a - l = -5*a. What is the tens digit of a?
2
Let t(p) = 2*p + 8. Let k be t(7). Let a = 25 + -37. Let f = k + a. What is the tens digit of f?
1
Let c = 92 - 58. What is the tens digit of c?
3
Let s(t) = t + 1. Let y be s(6). Let v be (y - -1) + (-2 - 0). Suppose -x + 1 + v = 0. What is the units digit of x?
7
Let f = -10 - -15. Suppose 55 = f*v - 10. Let h = 25 - v. What is the tens digit of h?
1
Let h(w) = -3*w**2 - 8*w - 6. Let u(a) = -8*a**2 - 40*a + 17*a - 18 - 3 + 4. Let f(y) = -11*h(y) + 4*u(y). What is the units digit of f(-3)?
9
Let v(b) = b**3 + 12*b**2 + 11*b + 12. Suppose 3*m - 11 = -4*a - 60, 4*m + a + 48 = 0. Let q be v(m). Suppose 0*u = -u + q. What is the units digit of u?
2
Let y(j) = -j**3 + 2*j**2 + 4*j - 3. What is the units digit of y(2)?
5
Let l = -104 + 149. What is the units digit of l?
5
Suppose -22 = 4*o - 5*o - 3*r, 0 = -4*o - 3*r + 115. What is the tens digit of o?
3
Suppose 8*x - 8 = 6*x. What is the units digit of x?
4
Let g be (-2)/(-3)*(-21)/(-14). Let f(c) = -9*c**3 + 2*c**2 - c. Let b be f(g). What is the units digit of b/(0 + (-3)/6)?
6
Let w(i) = -i**2 - 11*i - 2. Suppose -4*j + 2*y - 28 = 0, -4*j + 3*y = -2*j + 6. What is the units digit of w(j)?
6
Let u(l) = l + 3*l - 6 - 9*l**2 + 5*l + l**3 + 2*l. What is the tens digit of u(8)?
1
Suppose -k - k + 4*p = -168, 0 = -4*k + 2*p + 324. Suppose -4*d - d = -k. What is the units digit of d?
6
Suppose 0 = -3*n + 19 - 1. Let q be -1*(-3)/n*6. What is the tens digit of (-8 + q)/(-1)*3?
1
Suppose -3*y + 3*k = -9, -y - 5*k = -2*y + 15. What is the units digit of (y - -3) + -2 + 19?
0
Let n = -2 + -1. Let k be (-2)/4*(n - 3). Suppose 2*q - 46 = -k*s - s, 0 = 5*q + s - 70. What is the tens digit of q?
1
Let n be (-10 - (1 - 2)) + -3. What is the units digit of ((-8)/n)/((-4)/(-114))?
9
Suppose 6*j = j + 15. Suppose i = -j*i + 3*s + 175, 0 = 4*i + 2*s - 150. What is the units digit of i?
0
Let c be (-102)/(-24) + 6/8. Let i = c + -3. Suppose 10 + 0 = i*d. What is the units digit of d?
5
Let d(x) = 2*x**2 - 6 + 3*x + 0 + 2. What is the units digit of d(-3)?
5
Suppose -4 + 44 = 5*v. What is the units digit of v?
8
Let k = -143 - -247. Suppose 4*y = -0*y + k. What is the tens digit of y?
2
Let n(c) = -c - 4. Let h be n(-9). Suppose -s + 88 = -h*s. Let x = 37 + s. What is the tens digit of x?
1
Suppose 4*r - 2*z = -r - 20, -2*z = 5*r. Let i = r + 9. Let w = i + -3. What is the units digit of w?
4
Let d be (0 - 2)/((-3)/42). Let g = -14 + d. What is the tens digit of g?
1
What is the tens digit of (-2745)/(-18) - 3/(-2)?
5
Let r = 349 - 201. What is the hundreds digit of r?
1
Let d = 11 - -3. What is the tens digit of d?
1
Let s = 217 + -120. What is the units digit of s?
7
Suppose f - 16 = -3*f. Suppose 0*b - f*b + 8 = -2*o, 2*o + 2*b = 16. What is the units digit of o?
4
Let k = 2 - 1. Suppose 3*b - 5 = k. What is the units digit of b?
2
Let t = 1179 + -734. What is the units digit of t?
5
Let j be (1 - (1 - 0)) + 5. Let d be (j/((-5)/4))/(-1). Suppose 4*x + 12 = d*m - 0, 5*x + 10 = 0. What is the units digit of m?
1
Suppose 0 = -5*u - 0*u + 55. Let r = -4 + u. What is the units digit of r?
7
Suppose -3*w = 4*h - 20 - 4, 0 = 5*w - 20. Suppose 0 = -4*q - 2*s - 4, -2*q - h*q - 10 = 5*s. What is the tens digit of q - (-14 + 3 + -2)?
1
Suppose -2*o - t + 57 = 0, t - 6*t = o - 33. What is the units digit of o?
8
Suppose g - 7 = 11. What is the tens digit of g?
1
Let a(b) = b**3 - 4*b**2 + 2*b - 4. What is the tens digit of a(5)?
3
Let r = 233 + -137. What is the tens digit of r?
9
Let p(r) be the second derivative of 0 - r**2 + 3*r + 1/6*r**3. What is the units digit of p(3)?
1
Suppose 4*x + 5*m - 9 = -0*x, 5*x - 2 = 3*m. What is the units digit of x/((-6)/15)*-6?
5
Suppose 13*g = 7*g + 1182. What is the units digit of g?
7
Suppose m + 36 = 4*m. What is the tens digit of -2 + (1*m)/1?
1
Let s(j) = 3*j + 7. Let v be (7 + -3 + 6)/(-2). Let l be s(v). What is the units digit of (-11)/(-2) + l/(-16)?
6
Let g = -108 - -180. What is the units digit of g?
2
Let q(d) = d**2 + d + 2. Let j be q(-2). Let b(a) = -3*a. Let l(r) = 2*r - 1. Let f(x) = j*l(x) + 3*b(x). What is the units digit of f(-8)?
4
Suppose -16 = -4*o, -21 = -2*c + 5*o + 51. Suppose c = 3*h + 13. What is the tens digit of h?
1
Let z = 